= -18. Calculate the greatest common divisor of 12 and o.
12
Suppose 8*d + 2*d = 950. What is the greatest common factor of 19 and d?
19
Let b be (6*-6)/((-9)/(-6)). Let c = 26 + b. Suppose 0*d + c*d + 2*g = 90, -4*d = -3*g - 180. What is the greatest common factor of d and 18?
9
Let k(u) = -3*u**2 + 43*u - 7. Let a be k(14). Let t(b) = b**3 - 12*b**2 + 11*b + 1. Let x be t(11). Calculate the highest common factor of x and a.
1
Suppose 6*w - 168 = -0*w. Suppose 3*s = -14 + 35. Calculate the highest common factor of s and w.
7
Suppose -2*r + 177 = r. Suppose 4*v - r = 9. What is the highest common divisor of 187 and v?
17
Let d(l) = -l**2 + 21*l - 11. Let k be d(18). Let v = k - 40. Suppose 5 + 3 = 4*o. What is the greatest common divisor of v and o?
1
Suppose -4*y + 0*f + 48 = 4*f, 0 = -5*y - 2*f + 48. Let d be -1*(-3*2)/(-3). Let v be (11/2)/(d/(-32)). Calculate the highest common factor of v and y.
8
Suppose 0 = -60*l - 29*l + 2937. Calculate the highest common factor of 891 and l.
33
Suppose -5*f + 25 = 0, -2*k = -4*f + 2*f - 158. What is the highest common divisor of k and 204?
12
Let y = 1940 + -1280. Calculate the greatest common divisor of 44 and y.
44
Suppose -a - 31 = -2*b + 3*b, 0 = a - 3*b + 19. Let r be (-2)/(-8) + (-45)/20. Let o = r - a. Calculate the highest common factor of o and 182.
26
Suppose -7 = 2*g + 3*k, 4*k = 4*g + 1 - 37. Let d = 16 - g. What is the highest common divisor of d and 12?
12
Let t(r) = r**3 + 4*r**2 - 7*r - 5. Let k be t(-5). Let p be (2 + 4 + -8)*605/(-22). Calculate the greatest common factor of k and p.
5
Let s be ((-5)/4)/1*-8. Let m be (10 + 5)/5*4/6. Suppose -m*d + 183 = 3*a, -4 = 2*a - 6. Calculate the highest common factor of s and d.
10
Suppose -31*z + 30*z = -2. Let t = 14 - z. Calculate the highest common factor of 192 and t.
12
Suppose 5 = 3*r - 3*g - 2*g, 0 = r - 2*g - 1. Suppose 2*m + r*b - 44 = m, -3*m + 60 = -3*b. Calculate the highest common factor of m and 6.
6
Suppose y = 4*x - 19, 1 = -3*y + x - 1. Suppose -3*q + 2*s + 11 = 0, 1 = s - y. Let f = 6 - 4. Calculate the highest common divisor of f and q.
1
Suppose 5*w = 3*x + 21, -3*x + 5 + 16 = 2*w. Suppose 2*t - w*t = -4. Let y(r) = 22*r. Let f be y(t). Calculate the greatest common factor of f and 33.
11
Suppose 3*z - 7 = 5. Suppose 0*d = -z*d + 20. Suppose -a + 4*p + d = -67, a + 2*p = 72. What is the greatest common divisor of a and 18?
18
Let i be 3830/20 - 9/6. What is the highest common factor of i and 76?
38
Let u(k) be the second derivative of k**3 - k**2 - 5*k. Let s be u(-1). Let g be (s/1)/((-4)/8). Calculate the highest common factor of g and 80.
16
Suppose 0 = 14*u + 3901 - 13015. Calculate the greatest common factor of 279 and u.
93
Suppose -3*z - 3*g = -14589, 4*g = -z + 5*g + 4871. Calculate the highest common factor of z and 31.
31
Suppose 3*i - 32 = 1. Let b = -793 + 881. What is the greatest common factor of b and i?
11
Suppose 2*m - 5*c - 333 = 0, 2*m + 3*m - 4*c = 824. Calculate the greatest common factor of m and 2542.
82
Let l = -878 - -890. Calculate the greatest common factor of l and 636.
12
Let f(h) = -h**3 - 13*h**2 - 13*h - 16. Let r be f(-12). Let v = 18 - r. What is the highest common divisor of 66 and v?
22
Suppose -42 = -4*s + 3*q + 4, -4*s = -2*q - 48. Let t = -3682 - -3786. Calculate the highest common factor of t and s.
13
Let u(i) = -2*i - 2. Let f be u(0). Let s be 6/f - (-2 + -9). Let p(q) = -q**3 - 2*q**2 + 5*q + 6. Let y be p(-5). What is the highest common factor of y and s?
8
Suppose t - 3 = 13. Let y(x) = -x**3 + 14*x**2 + 33*x + 15. Let k be y(t). What is the highest common divisor of k and 279?
31
Let x(v) = 18*v**2 + 3*v - 3. Let n be x(2). Let q be (-21)/(3 + n/(-20)). What is the greatest common factor of 14 and q?
14
Suppose g - 8*g - 217 = 0. Let y = -29 - g. Suppose -3*v = -2*b + 59, 98 = b + 3*b - 2*v. What is the highest common divisor of y and b?
2
Let j(y) = -y + 7. Let p be j(-18). Suppose 6*d - 316 = 884. Calculate the highest common divisor of p and d.
25
Let i = -73 + 105. Suppose 4*u = -1 + 97. Calculate the highest common factor of i and u.
8
Suppose -7*k = -5*k - 738. Suppose k = -3*z + 957. Calculate the highest common factor of z and 28.
28
Let c be (-449)/(-6) - 1/(-6). Let s = 40 - 25. Suppose s = -3*g + 4*g. What is the highest common factor of g and c?
15
Let a(u) = -5*u - 10. Let r be a(-7). Let m be (-194)/22 + 8/(-44). Let z be (1 - m)/(4 - 2). Calculate the greatest common factor of r and z.
5
Let j be (11*(-1)/(-33))/((-1)/(-225)). Calculate the greatest common factor of 1200 and j.
75
Suppose -k + 102 = -35. Let p = k + -98. What is the highest common divisor of 13 and p?
13
Let g(v) = 1 - 49*v**2 - 54*v**2 - 4*v**3 + 100*v**2 + 5*v**3. Let f be g(3). What is the greatest common divisor of 1 and f?
1
Suppose 3*b - 4*j - 50 = -10, -2*b = 4*j. Calculate the highest common factor of b and 13.
1
Suppose 2*h - 124 = 4*a - 30, 4*h - 148 = -2*a. Calculate the highest common divisor of h and 52.
13
Let a = -32 + 19. Let c = a + 16. Suppose -n + 87 = 3*z, -4*n + n - 99 = -c*z. Calculate the highest common divisor of 75 and z.
15
Suppose 5*k = 2*n - 5*n + 457, 604 = 4*n + 4*k. Let c = -77 + n. Let a be ((-45)/(-27))/(-5) + (-25)/(-3). What is the greatest common factor of a and c?
8
Let b(g) = -g - 5. Let d be b(7). Let w = d - -21. What is the greatest common factor of 54 and w?
9
Let p = 158 - 86. Let z = -53 + p. Calculate the greatest common divisor of 38 and z.
19
Let o = -53 - -58. Suppose -3*a + 2*u + 31 = 0, 2*u = -o*a - 2*u + 59. Suppose -3*m = 2*m - 275. What is the greatest common divisor of a and m?
11
Suppose -3*x = 2*x, 2*x + 192 = 4*g. Let c = g - 40. Calculate the greatest common divisor of c and 12.
4
Let n = 548 + -532. Calculate the highest common factor of n and 144.
16
Suppose 0 = -3*j + 117 - 33. Calculate the highest common factor of j and 308.
28
Suppose 598*r - 140 = 596*r. What is the greatest common factor of r and 130?
10
Let n(t) = t**2 + t + 1. Let c be n(-3). Let z = -24 - -127. Suppose -3*i + 58 = -5*w, -4*i - 18 = w - z. Calculate the greatest common factor of i and c.
7
Let x(j) = -j**2 + 17*j + 3. Let l be (-6)/8 - (-408)/32. Let y be x(l). Calculate the highest common divisor of 18 and y.
9
Suppose -2*i + 4*z = 42, 4*i + 6*z = z - 58. Let j = 35 + i. Let r(p) = 31*p - 52. Let c be r(4). What is the highest common divisor of j and c?
18
Let f be (80/(-24) + 5)*12. What is the highest common divisor of 180 and f?
20
Let f(d) = 158*d - 4 + 2*d**2 - 160*d + 1. Let s be f(3). Calculate the greatest common factor of s and 81.
9
Suppose 20 = y + 5*u, -3*u - 8 = -4*y + 3. Let j be 2/(-10) + 186/y. Calculate the highest common divisor of 407 and j.
37
Suppose 4*v + n - 577 = 0, -4*v + 163 = -3*v + 4*n. Calculate the greatest common divisor of v and 13.
13
Suppose 81*l - 78*l + 5*s = 460, -565 = -4*l + 3*s. Let k be 58/1*(-3)/(-6). Calculate the highest common divisor of l and k.
29
Suppose h - 4*a = 32, -18*a - 91 = -2*h - 19*a. Calculate the highest common factor of h and 352.
44
Let j(s) = -s**2 - 17*s - 66. Let y be j(-9). What is the greatest common factor of y and 1?
1
Suppose -4*g + 108 = -d, -10*g + 4*d + 40 = -8*g. What is the highest common divisor of 182 and g?
14
Let d = -14 - -15. Let g be 7414/88 - d/4. Let p(i) = i**3 + 13*i**2 + 12. Let q be p(-13). What is the highest common divisor of g and q?
12
Let k = 1175 - 1067. What is the highest common divisor of 288 and k?
36
Suppose 1725*z - 1723*z - 132 = 0. Calculate the highest common divisor of z and 594.
66
Let r = 1145 - 1065. Calculate the highest common factor of r and 112.
16
Suppose -i = 0, 3*k = 3*i - 11 + 32. Let b be 4/(-36)*6*(-54)/4. Suppose -5*y = 6 + b, 0 = -3*t + y + 6. What is the greatest common divisor of k and t?
1
Let y be 4/(20/15) + 0. Let m be (-25)/(-15) - y/(-9). What is the highest common factor of 8 and m?
2
Suppose -48 = 2*j + 5*s + 51, -3*j = 3*s + 135. Let p = j + 90. Calculate the highest common divisor of 32 and p.
16
Let n(y) = 69*y**3 - y**2 + 1. Let s be n(1). Suppose 25 - s = -2*h. Let x be (-348)/(-16) - 2/(-8). Calculate the greatest common divisor of x and h.
22
Let o = 13 - 11. Suppose 0*u + z - 5 = -u, -3*u - 2*z = -14. Calculate the greate